= -2*h + 193 - 53. What is the units digit of y?
5
What is the tens digit of ((-29)/(-4))/((-2)/(-16))?
5
Let d = -3 - -2. Let m(k) = -6*k**3 + 2*k + 1. Let w be m(d). Suppose 2*r - q = 15, -2*q + 27 = w*r + 3. What is the units digit of r?
6
Let j = 9 + -7. Suppose -5*p + g + 34 = -p, j*g = 5*p - 44. What is the units digit of p?
8
Let m = 31 + -16. Suppose 84 = 3*y + m. What is the units digit of y?
3
Let z be 8/6*(-15)/(-10). Suppose 0*x + 6 = z*x, 2*x = -5*i + 31. Suppose 47 - 2 = i*t. What is the units digit of t?
9
Suppose -4*h + 2*i + 2*i = -8, 3*h - 4*i - 6 = 0. Suppose -5 + 3 = h*g. Let w = 6 - g. What is the units digit of w?
7
Let v be 4/12 - (-8)/3. Let n(b) = b**3 - b**2. What is the tens digit of n(v)?
1
Let f be (-27)/(-12) + 1/(-4). Suppose -2 = a + f*o, -a + 23 = 4*a - o. Suppose -3*m - 18 + 6 = 0, -a*t + 12 = 2*m. What is the units digit of t?
5
Let v(u) = 8*u - 3. What is the units digit of v(3)?
1
Suppose -2*b = -6*b + 60. Let f(p) = p**3 - p**2 - p - 9. Let g be f(0). Let w = g + b. What is the units digit of w?
6
Let u(p) = p**2 + 4*p + 4. Suppose -2*k - 1 + 9 = -t, 0 = -5*k - 4*t + 7. Let d be (5/4)/(k/(-12)). What is the units digit of u(d)?
9
Let f(q) = q**3 + 6*q**2 + 5*q + 5. Let z(a) = a**3 + 5*a**2 + 7*a + 6. Let v be z(-4). Let p be f(v). What is the units digit of p/(-3) + 1/(-3)?
8
Let r(b) = -b**3 + b + 2. Let h be r(0). Let k(f) = 2*f**h - 4*f + 2*f + f**3 - 5 + 4*f**2. What is the units digit of k(-6)?
7
Let s(y) = -y. Let a(t) = -t**2 + 5*t. Let o(k) = a(k) - 3*s(k). Let p be o(8). Suppose p*b + 2*b = 12. What is the units digit of b?
6
Let h(g) = g. What is the units digit of h(4)?
4
Let q(j) = -15*j + 1. Let k(c) = -c. Let n(r) = 5*k(r) - q(r). What is the tens digit of n(2)?
1
Let a(h) = -h + 46. What is the units digit of a(20)?
6
Let b = 62 - 10. What is the units digit of b?
2
Suppose f = -4*h - 26, -f - h + 3 - 32 = 0. What is the units digit of -2 - 1 - f/5?
3
Let t(a) = -a**3 - 10*a**2 - 11*a - 13. Let h be t(-10). Suppose -z = 3*p - h, 0 = -z - 2*z + 12. What is the tens digit of p?
3
Suppose -6 + 3 = o. What is the units digit of 5 - (o - 3*-2)?
2
Let s(j) = -j**2 - 9*j - 10. Let v = -8 - -1. What is the units digit of s(v)?
4
Let v(z) = z**3 - 19*z**2 + 7*z + 45. What is the units digit of v(19)?
8
Let j be ((-2)/3)/(2/(-9)). Let w be (3 + -1)*-3*1. What is the units digit of w/((-1 - 5)/j)?
3
Let g(d) = 3*d + 13*d - 10*d - 5 + d**3 + 0 + 11*d**2. What is the units digit of g(-10)?
5
Let j = 119 + 71. What is the hundreds digit of j?
1
Let m = 26 - 26. Suppose 4*n - 266 + 94 = m. What is the units digit of n?
3
Suppose -736 = -13*j + 1773. What is the hundreds digit of j?
1
Let v be (-1)/2*(-2 - -6). Let f be v/(-6) - (-51)/9. Let u(g) = 2*g - 5. What is the units digit of u(f)?
7
What is the units digit of -2 + (-282)/(-4) + 1/2?
9
What is the tens digit of (-2912)/(-18) - (-6)/27?
6
Let a(n) be the second derivative of n**5/2 - n**4/12 - n**3/6 + n**2/2 + 5*n. What is the units digit of a(1)?
9
Suppose 0*g = -g + 28. What is the units digit of g?
8
Let h(f) = -43*f - 4. Let p be h(-2). Suppose 3*q - p = 23. What is the units digit of q?
5
Let p be (-10)/2*(-2 + 1). Suppose -5*o = -0*v + v - 35, p*o - 4*v - 10 = 0. What is the units digit of o?
6
Let s(w) = 38*w**3 - 3*w + 12*w + 2*w**2 - 5*w - 5*w. What is the units digit of s(1)?
9
Let r(q) be the first derivative of q**2/2 + q - 2. Let k be r(4). Suppose 3*x - 12 = 0, -4*h - 2*x = -k*h - 4. What is the units digit of h?
4
Suppose 4*c + p - 37 = -4, -c - 3*p = 0. What is the units digit of c?
9
Suppose -5*y + 3*u = 2, -2*y = -2*u + 7 - 3. Let f(w) = w + 1. What is the units digit of f(y)?
3
Let y(d) = 6*d - 1. Suppose p - l + 7 = -5*l, -p - 2*l - 3 = 0. Let f be y(p). Suppose 2*j - 32 = g + 2*g, f*g + 75 = 5*j. What is the units digit of j?
3
Let d(i) = -21*i + 2. Let b be d(-2). Suppose -2*p + 3*o = 92, -3*p - o = -4*p - b. Let c = p + 57. What is the tens digit of c?
1
Let h = -3 + 5. Suppose 0*w = -h*w + 16. What is the units digit of w?
8
Suppose -3*z + 2*k + 2*k + 86 = 0, -3*z = 5*k - 95. Suppose -z = -2*f - 2*q + 6*q, 4*f - q = 60. What is the tens digit of f?
1
Let w = 7 - 3. Suppose 10 = i - w. Suppose -5*q = -20, 3*d - i = -2*q - 0. What is the units digit of d?
2
Suppose 3*u - 2*j - 190 = 0, u - 42 = -5*j - 7. What is the tens digit of u?
6
Let n(l) = 9*l - 11. Let d(p) = -5*p + 5. Let c(z) = -7*d(z) - 4*n(z). What is the units digit of c(8)?
1
Let l(g) = -g**3 + 2*g - 3. Let x(h) = h**3 + 7*h**2 - 3. Let v be x(-7). What is the units digit of l(v)?
8
Suppose 56 = 2*r - 62. What is the tens digit of r?
5
Suppose 5*m - 84 = 41. What is the units digit of m?
5
Suppose 2*q + 0*u - u - 93 = 0, 69 = q - 5*u. Let g = q - 31. What is the units digit of g?
3
Let h = -14 - -23. What is the units digit of h?
9
Let x(u) = -9*u**3 + 4*u**2 + 2*u + 2. What is the units digit of x(-3)?
5
Suppose -r + 2 = -3*t - 2, 0 = -3*r - 5*t - 2. What is the units digit of r?
1
Let f(n) = 2*n**3 - 4*n**2 - 8*n + 10. Suppose r = -5*p + 21, -3*r + 6*r - 7 = -p. What is the tens digit of f(p)?
4
Let u(y) = -22*y - 40. What is the hundreds digit of u(-11)?
2
Suppose -4*r + 0*r + 320 = 0. What is the tens digit of r?
8
Let l(j) = j. Suppose 16 = 3*k - k. What is the units digit of l(k)?
8
What is the hundreds digit of 113*1 + 6/(-6)?
1
Suppose -32 = -0*v - 4*v. Suppose -v = -3*j + j. Suppose -3*l + 5 = w - 30, j*w = 8. What is the tens digit of l?
1
Let z(t) = t**2 + 2*t + 2. Let k be z(-2). Suppose 0 = w - n - 22, k*w - 4*n - 31 = w. Let h = w - 10. What is the units digit of h?
9
Suppose -3*h - 331 = -916. What is the hundreds digit of h?
1
Suppose 7*a = 6*a + 5*l + 52, l - 236 = -3*a. What is the units digit of a?
7
Let j = -9 + 15. What is the tens digit of j/9 - 74/(-6)?
1
Let m(b) = -2*b - 3. Let d be (-1 - -1)/(1*2). Suppose o + 0*o + 5 = d. What is the units digit of m(o)?
7
Let x = -18 - -33. What is the tens digit of x?
1
Let d(v) = 2 - v - 1 + 0*v**2 - 3*v**2 + 5*v**2. Let u be 1*-2*1*-1. What is the units digit of d(u)?
7
Suppose 2*p = -4*p + 1458. What is the units digit of p?
3
Suppose 4*a - 7 - 17 = 0. Let m be 84/(-10) + a/(-10). Let o = m + 16. What is the units digit of o?
7
Let i(m) = m**2 + 3*m + 4. What is the units digit of i(-4)?
8
Let p = 8 - 2. Suppose 0 = -s + p*s - 180. Let j = 51 - s. What is the tens digit of j?
1
Let t be (-2 - (-2 + -4)) + 0. Suppose t*u - 23 = 37. What is the tens digit of u?
1
Let y be (70/(-30))/(1/(-51)). Let i = -84 + y. What is the units digit of i?
5
Suppose -3*r - 7*r + 70 = 0. What is the units digit of r?
7
Suppose -65 = -b + 1. What is the tens digit of b?
6
What is the units digit of (-7)/(-14) - (-50)/4?
3
Suppose -y = 2*k - 12, 5*k - 44 = -4*y - 11. Suppose -1 = 7*v - 2*v - 3*s, -y*s = -v - 3. What is the units digit of v?
1
Let v = -1 - -3. Suppose -v*f - f = 0. Suppose f*c - 4*c + 12 = 0. What is the units digit of c?
3
Let r(v) = -v - 4. Let s be r(-2). Let z(u) = -4*u + 1. What is the units digit of z(s)?
9
Let a(j) = j - 5. Let w be a(5). Let t be 0 + (-4 + 3)*w. Suppose -c + 4*x + 28 = t, x = -7*c + 2*c + 98. What is the units digit of c?
0
Let r = -73 + 128. What is the tens digit of r?
5
Suppose 3*m - 139 = 5*k - 36, 2*m + 3*k - 94 = 0. What is the units digit of m?
1
Suppose x - 1 = 0, 4*x + 21 = -4*g - 3. Let h(i) = -4*i - 2. What is the units digit of h(g)?
6
Let k = -18 + 42. What is the units digit of k?
4
Let h = 5 + -10. Let m(x) = -10*x - 7. What is the tens digit of m(h)?
4
Suppose 9 = 3*l - 6. Let q be (-2 + l)*(-1)/(-1). Suppose 2*z - a - 9 = -0*z, a = q. What is the units digit of z?
6
Suppose 95 + 60 = 5*l. What is the units digit of l?
1
Let f = 2 + 0. Suppose 0 = -u + 3 - f. What is the units digit of u?
1
Let l = -38 + 102. What is the units digit of l?
4
Let i be 8/(-36) + (-544)/(-18). Let w = i - 14. What is the tens digit of w?
1
Suppose -45 = -6*j + j. Let t = j + 0. What is the units digit of t?
9
Let n(g) = -5*g**3 + 2*g**2 - 7*g. What is the tens digit of n(-3)?
7
Suppose s = -2*s - 18. Let o = 7 + s. What is the units digit of o?
1
Let v(s) = -s**2 - 8*s + 3. Let q be v(-7). Suppose x - q = -x. Suppose 5*u - 7 = -r, u + 2*u = x*r - 7. What is the units digit of r?
2
